8 - -1)?
-1
Evaluate 4 - ((0 - -2) + -2 - -1).
3
Evaluate (4 - (-3 + 3)) + (-2 - -2).
4
Calculate 1 - (15 + (-11 - -2)).
-5
Calculate 0 - -7 - (9 - -2).
-4
What is the value of 11 - ((-5 - -11) + -3)?
8
Evaluate -9 + 2 - (-16 - -16).
-7
What is -5 - (-1 + 1 - (-7 - -10))?
-2
What is the value of -1 + -5 - (-6 + 1)?
-1
What is (-1 - 1) + -2 - (-6 - -6)?
-4
32 - 27 - (0 + 10) - -5
0
0 + 9 + -3 - 1
5
What is 3 + -3 + 2 + -1 + 2?
3
3 + 4 + -8 + 3
2
Calculate 1 + 5 + 1 - 2.
5
Evaluate -3 + (5 - (4 + -1)).
-1
What is 1 - (-16 + 5 - -6)?
6
What is (-27 - (-3 - 12)) + (5 - -2)?
-5
0 - (-2 - 3 - -6)
-1
Calculate (2 - 0) + 3 + -7 + -2.
-4
-2 - -6 - (-1 - (14 - 13))
6
What is -1 + -1 + (7 - 1)?
4
22 + -15 + (-5 - -1) - -3
6
-4 - (6 + -6 - 5)
1
What is -5 + 3 + 2 + -2?
-2
Calculate -8 - ((-10 - -10) + -2).
-6
What is (-3 - (-1 - 0)) + -40 + 46?
4
4 + -3 - (-6 + 1)
6
Calculate -3 + 1 + 2 + 7 + -4.
3
Evaluate (-2 - -5 - (-38 + 50)) + 1.
-8
What is 6 + (-10 + 6 - -1)?
3
Evaluate 0 + -2 - (1 - (3 + -6)).
-6
What is the value of 2 + (-1 + 2 - (-3 - -6))?
0
What is the value of (-8 - -4) + (0 - -4)?
0
What is 1 + 4 + 11 + -16 + 1?
1
Calculate 17 + -21 + 1 + 2.
-1
What is -3 - -5 - (-2 + -1 + 3)?
2
What is the value of -2 + 0 - (0 + (2 - -1))?
-5
What is the value of -2 + (-4 + 3 - 0)?
-3
Evaluate -2 + (3 - -2 - 1).
2
What is 3 - (1 - (2 - 0) - -2)?
2
Calculate 1 + -2 + (-14 - (10 + -28)).
3
Calculate 94 - 94 - (1 + 2 + -1).
-2
What is 7 + 1 + -16 + 8 + -4?
-4
Evaluate -2 + (7 - 4) + (0 - 4).
-3
Evaluate 8 + -1 + -1 + -3.
3
Calculate -2 + 5 - 5 - (-2 - 2).
2
Evaluate 1 + -1 + (-12 - -8 - 3).
-7
What is the value of (-2 - 2) + 6 + -2?
0
Evaluate (-8 - (-9 + 5)) + 0.
-4
What is the value of -4 + (-12 - 1) - -10?
-7
Evaluate 3 + 0 + -2 + -1 + -3.
-3
What is the value of -1 - -2 - (4 + (-4 - 3))?
4
What is the value of -6 + (13 - 4) - (2 - 1)?
2
What is the value of (-1 - -4) + 7 + (-17 - 2)?
-9
(-7 + 2 - (-10 - -8)) + -3
-6
What is -9 + 10 + 2 + 0?
3
What is the value of 1 + (3 - 9 - -10)?
5
Evaluate 0 - (3 + -1) - -3 - -2.
3
What is 0 + -6 + -2 + (-8 - -14)?
-2
Calculate -11 + 2 + 2 + (7 - -7).
7
Evaluate (0 - 5) + 6 + (-5 - 4).
-8
Calculate 3 + -2 + 6 - 6.
1
(-3 - -8 - 9) + 4
0
What is -12 - -14 - (0 - 2)?
4
-1 + 5 + (-3 - (-2 - -1))
2
Calculate 0 + -1 + 1 - 3 - -2.
-1
Evaluate -3 + 1 + 0 + 0.
-2
What is 2 + 1 + (7 - 10)?
0
Calculate 11 + 2 + -13 + 0.
0
-4 - (1 + 8 - 5 - 9)
1
Calculate -4 + (-5 + 5 - -8 - 2).
2
-3 + 1 + (-2 - -2) + 1
-1
-2 + (5 - 5) + 2 + 0
0
Evaluate (4 - 0) + -2 + 0 + 0.
2
Evaluate -3 - (1 + 2 - 3).
-3
Evaluate -13 - -3 - (-2 - 3).
-5
7 + -1 - (14 + -9)
1
2 + -2 + 3 + 3 + -5
1
Calculate 3 + (9 - 12) + (0 - -1).
1
4 - 5 - 1 - (2 + -5)
1
What is 0 + 1 - (-13 + 11)?
3
What is the value of -8 - -14 - (7 + -5)?
4
Evaluate (6 + -5 - (2 - 0)) + -1.
-2
What is (-5 - -6) + 1 + -6?
-4
Evaluate (-3 - (4 - 4)) + 1 + 1.
-1
3 - 0 - (-4 + (7 - -6))
-6
1 + -3 + 2 + 0
0
-4 + -1 + -11 + 12
-4
What is 2 + 4 + -2 - 5?
-1
What is the value of -8 + 13 - -3 - 10?
-2
Evaluate 1 - (3 - (-2 - -5)).
1
2 - 0 - -1 - (-1 - -1)
3
Evaluate -4 - -2 - (-5 + 7 - -1).
-5
Calculate -3 + (2 - (-2 - -3)) + 0.
-2
(2 - -1) + 31 + -29
5
(-4 - -9) + (1 - (5 - 3))
4
What is the value of -2 - (0 - 3) - (-2 - -6)?
-3
Evaluate 3 - -10 - (12 + -6).
7
0 - (-2 - (0 + -5))
-3
What is (-8 - 0) + (1 - -3) + 8?
4
What is 7 + (3 - 2) + -5?
3
What is the value of -3 - (3 + -3 - -1)?
-4
Evaluate (-92 - -83) + 0 + 3 + -2.
-8
What is the value of -7 + (0 - 3) + (5 - 0)?
-5
What is -2 + (1 - (-4 - -2))?
1
What is the value of (-9 - -7) + -6 + (8 - 4)?
-4
Calculate (-7 - -1) + (12 + -9 - -10).
7
Calculate 15 + -15 - (-1 + -2).
3
(4 - (-2 - -4)) + 1
3
-2 - (-5 - -1 - -2)
0
What is the value of 0 - 2 - (0 + -8 + 3)?
3
What is the value of (3 - (-1 - -1)) + -2?
1
Evaluate -4 - -6 - 0 - 0.
2
What is the value of -3 - (6 + -6 - 2) - -2?
1
Evaluate 2 + -6 - -6 - -2.
4
Calculate -42 + 43 - (0 + -3).
4
What is -4 - (-3 + 3) - (-5 - -4)?
-3
What is 8 - -1 - (-6 + 22)?
-7
Calculate -1 + (2 - 7) + -3 + 3.
-6
What is (-171 - -176) + 1 + -14?
-8
What is -1 - (0 + 6) - -10?
3
Calculate (-1 - (1 - -1)) + (288 - 296).
-11
What is the value of -9 - (2 + -1 - 9)?
-1
-4 + -6 + 4 + 12 + -4
2
What is the value of -2 - (1 - 0) - (-38 - -40)?
-5
What is the value of -2 - (-13 + 1 - -6)?
4
What is 115 - 119 - (-1 + -6)?
3
What is the value of 52 + -41 + -9 + -2?
0
What is 4 + (-5 - -2 - 0) + 3?
4
What is 22 - 21 - (1 + 1)?
-1
What is the value of 4 - (-14 - -24 - 14)?
8
1 + -11 - (-29 - (-34 - -10))
-5
Evaluate 5 + 0 + -5 - (3 - 0).
-3
Evaluate 9 + 1 + 3 + -8.
5
What is -10 - ((0 + -6 - 3) + 5)?
-6
What is the value of -4 - -1 - (10 + -15)?
2
Calculate (-4 - 0 - 8) + 12 + -4.
-4
What is -2 + (15 - 11) + -2?
0
Evaluate -103 - -97 - (-1 + -5).
0
2 + (0 - -2) + (15 - 22)
-3
What is the value of 6 + -8 - (13 + -24)?
9
Evaluate (7 - 15) + 8 + -8.
-8
Evaluate 0 + 0 + 1 + 2 + -11.
-8
(-2 - -6 - (-4 - -5)) + -8
-5
Evaluate 6 + (11 + -23 - (0 - 1)).
-5
Evaluate 2 + 0 - (-12 + 1 - -7).
6
Calculate -1 - ((0 - -4) + -7) - -1.
3
Evaluate 7 - 4 - (-1 - -1 - 2).
5
Evaluate (63 - 71) + (2 - (-1 + 0)).
-5
Evaluate (-6 - -3 - -1) + 1 + -2.
-3
What is the value of -22 - -8 - -8 - -2?
-4
Calculate -2 - (2 + 0) - 0 - -1.
-3
Evaluate -11 - (-1 + (-4 - 1)).
-5
Evaluate 11 + -20 - 1 - -11.
1
Calculate (-23 - (21 - 43)) + -1 + -1.
-3
Calculate (-4 - (5 + -5)) + 4.
0
What is (-3 - -9) + 2 + -6?
2
Evaluate 2 - (4 - (-5 + 4)).
-3
What is (2 - -11) + (29 - 35)?
7
What is the value of -4 - (-3 - 0 - 0)?
-1
Evaluate 0 - (2 + -2) - (-4 - -5).
-1
What is the value of 7 + -11 + -9 + 8?
-5
What is -3 + -4 + 2 + 4?
-1
What is 1 - (7 - (1 - -1)) - -3?
-1
Calculate -9 - (1 + -8 + -1 + 7).
-8
Evaluate (-1 - (-8 + 9)) + -3.
-5
What is the value of (1 - 1) + -13 + 9?
-4
-1 + -2 - (-10 + 9)
-2
-9 + (4 - (-3 - (0 - 3)))
-5
What is the value of (1 - 3) + -40 + 48?
6
Calculate (-6 - 5 - -9) + -3.
-5
Calculate 5 + 2 + -8 + -3.
-4
What is 4 + -13 + (9 - 3)?
-3
What is the value of 0 + -2 + (-12 - (6 - 14))?
-6
Calculate (3 - -6) + -8 + 2.
3
What is the value of 3 - (0 - (-4 - 3))?
-4
(1 - -2) + (2 - 0)
5
Calculate (6 - 11) + (1 - -2) - 6.
-8
Calculate 11 - -1 - 6 - 15.
-9
22 - 22 - (-2 - (2 + 2))
6
What is the value of -3 + (6 - (11 + -8))?
0
What is -1 - (2 - (6 - 13 - -12))?
2
What is the value of -6 + 12 + 0 - 8?
-2
What is 0 + 9 + (-12 - -9)?
6
Calculate 5 + (7 - (6 - 0)).
6
0 - (-1 + (-5 - -2))
4
Calculate 7 - (7 - (-12 + 7)).
-5
Calculate 10 - (-12 - (-8 - 14)).
0
-4 + 0 - (8 + -7 - 2)
-3
-2 - (1 - -2 - 5) - 0
0
What is the value of 11 + -7 + 2 - 5?
1
Calculate 4 - (-5 + (5 + 0 - -2)).
2
Evaluate 8 + -5 + (1 - 2) + 3.
5
6 - (-6 + 1 + 11)
0
-20 + 26 + (0 - 6)
0
Calculate -18 + 25 - (8 + 1).
-2
Calculate 4 + (0 - -1) - 1.
4
(6 - 6) + 8 + 7 + -5
10
Calculate 9 + (-1 - -1) + -5.
4
Calculate -5 - (-28 - -9 - -8).
6
What is the value of -1 + 0 + -96 + 99?
2
Evaluate 3 - 4 - (5 + -6) - 0.
0
What is 3 - 9 - (0 - 1)?
-5
Calculate -9 + 4 + (2 - -2).
-1
What is the value of -3 + 0 + 4 - (-6 + 3)?
4
What is the value of -1 - ((1 - -2) + -13 + 13)?
-4
3 + -3 + -1 - 10 - -8
-3
What is the value of 6 + (-1 - -1) + (-2 - 0)?
4
-6 + -4 - (6 - 12)
-4
What is the value of -6 - (3 + 0 + -7)?
-2
What is the value of -25 + 28 - (8 + 0)?
-5
Evaluate 28 - 34 - (-1 - 2).
-3
-1 - (-5 + 0) - (-8 - -9)
3
Evaluate 2 + 2 + 0 + -3 + 8.
9
-4 + (-4 - (2 + -5 + -1))
-4
-5 + -1 + -37 + 47
4
What is 8 + (4 + -1 - (6 + 0))?
5
Evaluate 14 - 14 - (0 + -6) - 3.
3
What is 1 - ((7 - 8) + -2)?
4
Calculate 2 - (2 + -4 + 4 - -2).
-2
Calculate (-8 - -6) + (3 - (-2 + 4)).
-1
Evaluate -12 + 1 + 9 + -1.
-3
What is 9 + -4 + -10 + (-3 - -9)?
1
Evaluate (-7 - (-13 + 8)) + 2 + -1.
-1
Calculate -5 + (3 + -4 - -4).
-2
0 + (3 - 7) + 1 + 3
0
What is (10 - (-4 - -18)) + 4?
0
(-1 - (6 + 0)) + 4 - 2
-5
Calculate 1 - 0 - (76 + -70).
-5
What is the value of 4 - -1 - (1 - 5 - -11)?
-2
16 + -11 - 1 - -2
6
Evaluate (-4 - -7) + -4 + 5.
4
What is the value of 9 - (-7 - -11) - -1?
6
What is -8 - (-1 + -5 - (-91 - -83))?
-10
What is 14 + -2 + -5 + 8 + -9?
6
What is (-2 - -9 - -4) + -10?
1
Evaluate (5 - 4 - -2) + 0.
3
Evaluate 0 - (2 + 5 - -1).
-8
What is the value of 5 - (-1 - -3 - (2 + -3))?
2
What is the value of -5 + 11 + (-7 -